digit of (316 - -16)*(a/2 - 2)?
1
Suppose 368 = 4*i + 4*b + 1212, i - 4*b + 236 = 0. Suppose -3*o = 2*u - 904, -5*o - 4*u + 1506 = -0*o. Let n = i + o. What is the units digit of n?
6
Let t = -7134 - -13419. What is the hundreds digit of t?
2
What is the tens digit of (-14417)/(-5) - 3 - 80/200?
8
Let p(f) = -516*f - 20. Let s be (3 + (-16)/6)*(11 - 17). What is the tens digit of p(s)?
1
Let p be 844/(-14) + (-10)/(-105)*3. What is the units digit of (-3)/(-30) - -26*(-1719)/p?
5
Let v = 12580 + -2343. What is the units digit of v?
7
Let f(o) = 4*o**2 - 3*o + 6. Suppose k + 0*k - 5*z + 3 = 0, -5*z = -2*k - 6. Let s be f(k). Let n = s - 50. What is the units digit of n?
1
Let l(m) = 88*m**2 + 57*m + 1130. What is the tens digit of l(-13)?
6
Suppose r + y = -r + 9, 2*y + 18 = 5*r. Suppose r*o - 3*o = 3*o. Suppose 3*x + o*x - 159 = 0. What is the units digit of x?
3
Suppose 8*n - 17*n + 18 = 0. Suppose 5*m + 774 = f, -4*f + 1319 = -n*m - 1795. What is the tens digit of f?
7
Suppose q + i + 2*i - 20 = 0, 2*i - 5 = q. Let s be (-402)/(-78) - q - (-966)/(-26). Let h = 126 + s. What is the tens digit of h?
8
What is the units digit of (-52443)/6*(-6)/9?
7
Let q = -75 - -80. Suppose 4*r - 459 = -2*y + 37, -q*y + 484 = 4*r. What is the units digit of r?
6
Let b(w) = -w**2 + 10*w - 1. Let d be b(10). Let z be 1222/8 - d/(16/(-12)). Let v = 41 + z. What is the units digit of v?
3
Let u = 7 - 4. Let x(o) = o**3 - 8*o + 3. Let k be x(u). Suppose -120 - 216 = -k*c. What is the units digit of c?
6
Let a(c) = -6150*c**2 + 6*c + 7. Let b be a(-1). What is the units digit of (1 - 1) + b/((-44)/4)?
9
Let l(s) = 6 + s - s - 51*s - 17*s - 26*s. What is the units digit of l(-2)?
4
Let p = 18 - 14. Suppose -h + 208 = -5*h + 5*g, -2*h - 130 = p*g. Let m = -8 - h. What is the units digit of m?
9
Suppose -5*c - 2*n = 67492, -c = -n - 0*n + 13504. What is the tens digit of 6 + (10/(-8))/(9/c)?
8
Suppose -4*b - 4*s + 7478 = -1318, -5*b + 4*s = -11022. What is the thousands digit of b?
2
Let c be (-144)/132*(-22)/4. What is the hundreds digit of -4 - ((c - 3 - -1) + -274)?
2
Let v be 2*(-3 - (-25)/10). Let b(q) = -297*q - 3. What is the tens digit of b(v)?
9
Let x be -5*21/35 + 12*-1. Let j(o) = -o**3 - 13*o**2 + 14*o + 17. What is the units digit of j(x)?
7
Suppose 142571 + 29044 = 15*n. What is the thousands digit of n?
1
What is the units digit of (8448 + 9)/(5 - 2)?
9
Suppose 3*h - w - 138147 = -4*w, -3*h = 5*w - 138131. What is the units digit of h?
7
Let m be 12*2*4/(-48)*3. What is the tens digit of 36/30*(-940)/m - 2?
8
Let r(h) be the third derivative of h**6/15 - h**5/60 - h**4/24 + 2*h**2. Let f be r(-1). Let u = 60 + f. What is the units digit of u?
2
Let x = 2807 + -500. What is the tens digit of x?
0
Suppose 4*t - 32636 = -20*l + 16*l, -4*l + 2*t + 32606 = 0. What is the units digit of l?
4
Let q = -71165 + 127597. What is the tens digit of q?
3
Suppose -332*t = -337*t + 3*c + 345858, 0 = -5*t + 4*c + 345854. What is the tens digit of t?
7
Let x = -13161 - -34575. What is the ten thousands digit of x?
2
Let v = 30 + -36. Let p(i) = 4*i**2 + 2*i - 3. Let l(y) = y**2 + y. Let b(r) = v*l(r) + 2*p(r). What is the tens digit of b(6)?
5
What is the hundreds digit of ((125/(-30) - -4)*4)/((-3)/202923)?
0
Suppose 5*v - p - 3*p = 131, 0 = 5*v + 5*p - 95. Let u(d) = 18*d**3 - d**2 + 4*d - 11. Let g be u(3). Suppose 5*l - g = -v. What is the units digit of l?
1
What is the tens digit of -104 + 87 - (2 + -15595)?
7
Suppose -90*n - 181*n = -23845832. What is the hundreds digit of n?
9
Let r be 72 + -72 - 2701/1. Let v = 4076 + r. What is the thousands digit of v?
1
Suppose -5*z = -5*q - 755, 4*q = -4*z + q + 639. Suppose 5*n = 5*i - 320, 3*n - 100 - z = -4*i. Let x = -29 + i. What is the tens digit of x?
3
What is the thousands digit of 49845 + (6/27 - (-7040)/(-576))?
9
Let q be 12/40 - (-1404)/120. Let v(m) = 27*m + 181. What is the hundreds digit of v(q)?
5
Let j = -723 + 717. What is the hundreds digit of (-20560)/(-24) - (1 - (-8)/j)?
8
Suppose 13*t - 18*t + 4*y = -37, -y + 11 = t. Suppose 0 = -4*p + t*p + 4*c - 1961, -5*c = -3*p + 1147. What is the tens digit of p?
8
Suppose 0 = -s - 4, 3*f - 16708 - 6388 = 5*s. What is the thousands digit of f?
7
Let k(m) = 37*m**2 - 4*m. Suppose -3*y = 6*x - 9*x - 27, 5*y = -3*x + 5. Let f = 7 + x. What is the tens digit of k(f)?
4
Let r = -498 - -744. What is the units digit of (-5)/((-10)/r) - -2?
5
Let f = 102 - 99. Let i be 16/(-3) + 5 + 7/f. What is the units digit of 22 - (-6)/(-2) - 2/i?
8
Let y = -1224 - -8400. What is the hundreds digit of y?
1
Suppose 9*x - x = 35736. What is the thousands digit of x?
4
Suppose -p - 20817 = 3*v - 8*v, v - 4155 = -4*p. What is the thousands digit of v?
4
Let o(y) = -11*y**2 + 4*y + 80. Let r(s) = -10*s**2 + 6*s + 78. Let i(b) = 4*o(b) - 5*r(b). What is the tens digit of i(15)?
7
Let l = 93353 - 23576. What is the hundreds digit of l?
7
Let c be (-3)/2 - 1030/(-4). Let k = -20 + c. What is the tens digit of k?
3
Suppose 34*c = -57*c + 1588132. What is the units digit of c?
2
Suppose -1 = -k, 2*k - 3343 = -h - 3*k. What is the units digit of h/14 + 63/(-147)?
8
Let b(k) = k**3 + k**2 + k + 9. Let g be ((-4)/6)/((-16)/168). What is the hundreds digit of b(g)?
4
Suppose 4*h - 274 = 2*i, 2*i + 2*i + 4 = 0. Let j = 141 - h. Suppose 0*g = 2*g - 3*k - 147, 0 = -g + k + j. What is the tens digit of g?
7
Suppose 0 = -4*b - 5*a - 2244 + 24895, -5*a = 3*b - 16982. What is the units digit of b?
9
Let f = 13128 - 5672. Suppose 13*b - 5*b - f = 0. What is the tens digit of b?
3
Suppose 3*y = 7*y - 8960. Suppose 0 = 2*i + 4*k - y, -5*i + 2*k + 5433 = -227. What is the hundreds digit of i?
1
Let o(y) be the first derivative of -17*y**3/3 - y**2/2 + 11*y + 5. Let g(q) be the first derivative of o(q). What is the units digit of g(-2)?
7
Suppose 2*j + 20 + 60 = 0. Let t = 160 + j. Suppose 2*s - 2*i = t, 3*s - 3*i = -8*i + 212. What is the tens digit of s?
6
Let u(f) be the second derivative of 15*f**3/2 + 7*f**2/2 + 6*f - 10. What is the hundreds digit of u(3)?
1
Let k be 856/(-6) - 2/6. Suppose 45*c - 25*c - 2140 = 0. Let f = c - k. What is the hundreds digit of f?
2
Let q(c) = -c - 153*c**2 + c**3 - 10 + 0*c**3 + 161*c**2. Let j be q(-8). What is the units digit of j/4 + (-469)/(-14)?
3
Let q(h) = 2*h - 28. Let c be q(15). Suppose -p - 2*p + c*f = -397, 0 = 2*p + 3*f - 269. What is the units digit of p?
3
Let u(t) be the third derivative of t**5/30 - 31*t**4/24 + 29*t**3/6 + 2*t**2 + 29*t. What is the hundreds digit of u(-18)?
2
Suppose -c = i, -2*c = 5*i - 2 - 4. What is the units digit of -1*4 + 9*(c - -21)?
7
Suppose 3*a - 4 = a. Let p be (-5 - -4) + (a - 0). What is the hundreds digit of ((-3)/p)/((75/980)/(-5))?
1
What is the thousands digit of (-8)/18 - 49/((-11907)/1065420)?
4
Let g(d) = 94*d**2 - 34*d + 116. What is the tens digit of g(17)?
0
Suppose 3*y + q + 218 = -q, 3*y + 3*q + 222 = 0. Let l = y + 70. Suppose l = 3*f - 15, 5*v - v - 879 = 5*f. What is the units digit of v?
6
Suppose 13*x = -0*x - 3900. What is the tens digit of (1 - (-255)/2)/((-50)/x)?
7
Suppose 0 = -6*h + 551 + 187. Let v = -43 + h. Suppose -v*z = -82*z + 232. What is the units digit of z?
6
What is the hundreds digit of (-1*(-6)/(-9))/((-145)/3074580)?
1
Let i(a) = -12*a. Let o(w) = -23*w. Let c(f) = 5*i(f) - 3*o(f). Let g be c(3). Suppose -472 = -5*r - g. What is the units digit of r?
9
Suppose 0 = 5*v - 346 + 331. Suppose -v*i - 2256 = -6*i. What is the hundreds digit of i?
7
Let d = 24449 - 8787. What is the ten thousands digit of d?
1
Let h(c) be the second derivative of -7*c**5/10 + c**4/12 + c**3/2 + c**2/2 + 8*c - 1. Let g be h(4). What is the hundreds digit of g/(-6) + 2/(-4)?
1
Let l = 546 + -336. Suppose l*j - 21 = 207*j. What is the units digit of j?
7
Let p(k) = -477*k + 127. What is the tens digit of p(-27)?
0
What is the hundreds digit of ((-74)/14 - -1)*-63*220636/936?
6
Suppose -12*b + 3*b = 0. Suppose -3*i + i + 4 = b, 0 = -q + i + 5. Suppose -348 = -q*o + 149. What is the tens digit of o?
7
Let w(l) be the third derivative of -l**5/60 - l**4/8 + 205*l**3/3 + 22*l**2. What is the units digit of w(0)?
0
Let s(t) = 45*t + 45. Let k be s(-1). Suppose k*m = 22*m - 34034. What is the hundreds digit of m?
5